768560.
240
What is the greatest common factor of 527760 and 936?
72
Calculate the highest common factor of 32 and 158702008.
8
Calculate the greatest common divisor of 1317822214 and 2852.
1426
What is the highest common factor of 956250 and 120?
30
What is the greatest common divisor of 2629678 and 29874?
766
What is the greatest common divisor of 1783 and 58170375?
1783
What is the greatest common factor of 34476 and 22282?
26
Calculate the greatest common factor of 147038704 and 1138.
1138
Calculate the greatest common factor of 544095183 and 51.
51
Calculate the highest common divisor of 8135514 and 3841.
23
Calculate the highest common divisor of 1026 and 1125807.
57
Calculate the highest common divisor of 1637510 and 26690.
1570
What is the greatest common factor of 1034 and 3882952?
94
What is the greatest common divisor of 87 and 20751791?
29
What is the highest common divisor of 47255514 and 12?
6
Calculate the highest common divisor of 1304863 and 61313.
133
Calculate the greatest common factor of 25843 and 35002.
43
What is the highest common factor of 805 and 28105?
35
Calculate the highest common factor of 14702530 and 77920.
4870
Calculate the greatest common factor of 2967076353 and 3387.
3387
What is the highest common factor of 630 and 4860940?
70
Calculate the greatest common factor of 74 and 71233399.
37
What is the greatest common divisor of 10810 and 542110?
230
Calculate the highest common factor of 18479400 and 4300.
100
Calculate the highest common factor of 704 and 12627791.
11
What is the highest common divisor of 40936516 and 1978?
86
Calculate the greatest common factor of 691239 and 136293.
543
What is the highest common factor of 6 and 4575502?
2
What is the highest common divisor of 8864 and 1338136?
8
Calculate the highest common divisor of 14266182 and 336.
42
Calculate the greatest common factor of 4988 and 37205144.
116
What is the highest common factor of 257204 and 108?
4
What is the greatest common divisor of 8345 and 188597?
1669
Calculate the greatest common divisor of 87 and 10567861.
29
What is the highest common factor of 3299640 and 129502?
1774
What is the highest common divisor of 27715819 and 191?
191
Calculate the highest common factor of 122592 and 14856.
24
Calculate the greatest common factor of 27307484 and 2888.
1444
Calculate the highest common factor of 53600 and 1170825.
1675
What is the highest common divisor of 80 and 152140330?
10
What is the greatest common factor of 844349 and 1541685?
1301
Calculate the highest common factor of 303490 and 10241408.
5518
Calculate the greatest common divisor of 2465567 and 38358.
2131
Calculate the highest common factor of 260 and 1775410.
130
What is the greatest common divisor of 88293 and 3534?
57
Calculate the highest common factor of 879 and 102428112.
879
What is the highest common factor of 47778 and 1046?
2
What is the greatest common factor of 362808 and 75?
3
What is the greatest common factor of 4940160 and 60512?
992
What is the highest common factor of 146280 and 4187?
53
What is the highest common divisor of 123342 and 6032974?
674
Calculate the greatest common divisor of 22532 and 22835396.
524
What is the greatest common factor of 75365 and 253?
1
What is the highest common divisor of 58354354 and 731?
43
Calculate the highest common factor of 1105515 and 43801668.
11637
Calculate the greatest common factor of 100 and 7144780.
20
Calculate the greatest common divisor of 16 and 27837328.
16
Calculate the greatest common factor of 2573998 and 2968.
742
What is the highest common divisor of 208 and 45770452?
52
What is the greatest common divisor of 1476446816 and 962?
962
Calculate the highest common divisor of 13728 and 2160444.
1716
Calculate the greatest common divisor of 14 and 108303013.
7
Calculate the greatest common divisor of 90670160 and 400.
80
What is the greatest common divisor of 295470 and 12250?
490
Calculate the greatest common divisor of 1759174 and 4094.
178
Calculate the greatest common factor of 25074016 and 48224.
352
What is the greatest common divisor of 550955 and 130?
5
What is the highest common factor of 28 and 78481746?
14
What is the highest common divisor of 2643192 and 2160?
216
Calculate the greatest common divisor of 270928 and 3656.
8
What is the highest common factor of 59932398 and 6?
6
What is the greatest common factor of 2192442 and 168?
42
What is the greatest common factor of 3313814 and 1?
1
What is the highest common divisor of 33341720 and 184?
184
What is the highest common divisor of 1154341 and 14239?
491
Calculate the greatest common divisor of 1628 and 33187660.
44
Calculate the highest common divisor of 1015359 and 1530714.
2193
What is the greatest common divisor of 291 and 9888374?
97
Calculate the greatest common factor of 3286140 and 7020.
780
Calculate the greatest common divisor of 12218579 and 817.
43
Calculate the greatest common factor of 766821384 and 27.
27
What is the greatest common divisor of 144 and 12386736?
144
What is the highest common factor of 2112 and 17934216?
24
What is the highest common factor of 1397457 and 37582?
989
Calculate the greatest common factor of 12269826 and 1026.
54
What is the greatest common factor of 694041 and 6?
3
What is the highest common factor of 2065 and 499401?
7
What is the greatest common factor of 15322 and 1479883031?
7661
Calculate the highest common factor of 1263416 and 2207755.
3223
Calculate the greatest common divisor of 68 and 354080.
4
Calculate the highest common factor of 56 and 2747003.
7
Calculate the highest common factor of 27692 and 3119564.
1204
What is the highest common divisor of 5488813 and 5588?
1397
What is the highest common divisor of 42 and 2094300?
6
What is the greatest common factor of 351 and 7260123?
39
Calculate the highest common divisor of 900 and 3034305.
45
Calculate the greatest common factor of 1560 and 350910.
30
Calculate the highest common factor of 11234374 and 6.
2
Calculate the highest common divisor of 2717943 and 2295.
51
What is the greatest common factor of 133225 and 238783?
73
What is the highest common divisor of 845 and 89222029?
169
What is the highest common divisor of 16487718 and 47502?
2262
Calculate the highest common factor of 16560 and 21276.
36
What is the highest common factor of 1437 and 11907?
3
Calculate the highest common divisor of 360954 and 462.
66
Calculate the highest common factor of 2969160 and 601550.
2270
Calculate the highest common factor of 69256381 and 368.
23
Calculate the highest common divisor of 19 and 61172837.
19
Calculate the greatest common factor of 17770348 and 4064.
508
Calculate the highest common factor of 5111339 and 17.
17
What is the highest common divisor of 200958 and 126?
6
Calculate the highest common factor of 103032 and 1537.
53
What is the greatest common factor of 154406407 and 38?
19
What is the highest common divisor of 77190506 and 68?
34
What is the greatest common factor of 2224 and 475568?
16
What is the highest common divisor of 78943 and 14101526?
887
What is the greatest common factor of 28810 and 1846520?
670
Calculate the highest common divisor of 5963 and 1345858.
89
What is the highest common factor of 10408947 and 83?
83
Calculate the highest common factor of 192 and 1090536.
24
Calculate the highest common divisor of 100 and 3305050.
50
What is the greatest common divisor of 470 and 440390?
470
What is the greatest common divisor of 114780212 and 552?
92
What is the highest common factor of 22012010 and 140?
10
Calculate the greatest common divisor of 20056133 and 4090.
409
What is the greatest common divisor of 453 and 17061?
3
What is the greatest common divisor of 48217337 and 1239?
413
What is the greatest common divisor of 1765 and 21322259?
353
Calculate the highest common factor of 1448525 and 3523.
13
What is the highest common factor of 199393 and 623339?
629
Calculate the highest common factor of 10658575 and 279.
31
Calculate the highest common divisor of 1218336 and 52059.
777
Calculate the greatest common factor of 237 and 586247466.
237
Calculate the greatest common divisor of 592 and 39132976.
592
What is the greatest common divisor of 22445 and 721255?
335
What is the greatest common divisor of 2